hen 42585 is divided by 39?
36
What is the remainder when 2388 is divided by 210?
78
Calculate the remainder when 7356 is divided by 1469.
11
Calculate the remainder when 42117 is divided by 130.
127
Calculate the remainder when 16391 is divided by 780.
11
What is the remainder when 12245 is divided by 350?
345
What is the remainder when 718036 is divided by 718036?
0
Calculate the remainder when 3070 is divided by 70.
60
Calculate the remainder when 11115 is divided by 32.
11
Calculate the remainder when 6683 is divided by 35.
33
Calculate the remainder when 49035 is divided by 181.
165
Calculate the remainder when 8403 is divided by 450.
303
What is the remainder when 110435 is divided by 36776?
107
Calculate the remainder when 51118 is divided by 60.
58
Calculate the remainder when 3240 is divided by 295.
290
Calculate the remainder when 354768 is divided by 711.
690
What is the remainder when 8816 is divided by 35?
31
What is the remainder when 36995 is divided by 12212?
359
Calculate the remainder when 6744 is divided by 690.
534
What is the remainder when 18444 is divided by 1839?
54
Calculate the remainder when 5339 is divided by 222.
11
Calculate the remainder when 86066 is divided by 140.
106
Calculate the remainder when 103222 is divided by 10320.
22
What is the remainder when 3632 is divided by 723?
17
What is the remainder when 3568 is divided by 11?
4
Calculate the remainder when 11017 is divided by 2201.
12
What is the remainder when 20 is divided by 13?
7
Calculate the remainder when 144973 is divided by 208.
205
What is the remainder when 3785 is divided by 383?
338
What is the remainder when 159075 is divided by 326?
313
Calculate the remainder when 10020 is divided by 263.
26
What is the remainder when 28490 is divided by 28468?
22
Calculate the remainder when 51397 is divided by 18.
7
What is the remainder when 2956 is divided by 16?
12
What is the remainder when 2424 is divided by 112?
72
What is the remainder when 135749 is divided by 111?
107
What is the remainder when 120189 is divided by 30?
9
Calculate the remainder when 8885548 is divided by 111.
109
Calculate the remainder when 3223 is divided by 236.
155
Calculate the remainder when 19570 is divided by 2.
0
What is the remainder when 102426 is divided by 57?
54
Calculate the remainder when 3188 is divided by 504.
164
Calculate the remainder when 532893 is divided by 336.
333
What is the remainder when 82681 is divided by 141?
55
What is the remainder when 11014 is divided by 2197?
29
Calculate the remainder when 956257 is divided by 956253.
4
What is the remainder when 1333875 is divided by 11304?
3
What is the remainder when 3794 is divided by 614?
110
Calculate the remainder when 323 is divided by 311.
12
Calculate the remainder when 9686 is divided by 1195.
126
Calculate the remainder when 423932 is divided by 1076.
1064
Calculate the remainder when 29220 is divided by 51.
48
What is the remainder when 16340 is divided by 345?
125
Calculate the remainder when 517424 is divided by 15.
14
What is the remainder when 6588 is divided by 3276?
36
What is the remainder when 108008 is divided by 3374?
40
Calculate the remainder when 2219 is divided by 1063.
93
What is the remainder when 45327 is divided by 110?
7
Calculate the remainder when 1815 is divided by 784.
247
What is the remainder when 172215 is divided by 86103?
9
What is the remainder when 31174 is divided by 5173?
136
What is the remainder when 174622 is divided by 214?
212
What is the remainder when 1405 is divided by 426?
127
Calculate the remainder when 19991 is divided by 139.
114
What is the remainder when 842721 is divided by 1443?
9
Calculate the remainder when 3510 is divided by 73.
6
Calculate the remainder when 11234 is divided by 76.
62
What is the remainder when 192847 is divided by 345?
337
What is the remainder when 7139 is divided by 57?
14
What is the remainder when 7325 is divided by 228?
29
Calculate the remainder when 13847 is divided by 1970.
57
Calculate the remainder when 8630 is divided by 401.
209
Calculate the remainder when 12828 is divided by 69.
63
What is the remainder when 68932 is divided by 767?
669
Calculate the remainder when 199570 is divided by 85.
75
What is the remainder when 714816 is divided by 1678?
1666
What is the remainder when 284 is divided by 151?
133
What is the remainder when 2762 is divided by 109?
37
What is the remainder when 631656 is divided by 388?
380
Calculate the remainder when 88608 is divided by 9.
3
Calculate the remainder when 17681 is divided by 135.
131
What is the remainder when 2628 is divided by 869?
21
Calculate the remainder when 192061 is divided by 490.
471
Calculate the remainder when 12986 is divided by 183.
176
What is the remainder when 7677 is divided by 80?
77
What is the remainder when 757271 is divided by 39?
8
Calculate the remainder when 326975 is divided by 64.
63
What is the remainder when 8952 is divided by 2238?
0
Calculate the remainder when 2345 is divided by 9.
5
Calculate the remainder when 11149 is divided by 30.
19
Calculate the remainder when 10396 is divided by 8.
4
What is the remainder when 7367 is divided by 6?
5
What is the remainder when 56871 is divided by 28419?
33
Calculate the remainder when 51221 is divided by 152.
149
Calculate the remainder when 3389 is divided by 998.
395
Calculate the remainder when 148727 is divided by 49572.
11
What is the remainder when 145124 is divided by 675?
674
Calculate the remainder when 19860 is divided by 641.
630
What is the remainder when 1380 is divided by 348?
336
What is the remainder when 1543 is divided by 271?
188
What is the remainder when 3317 is divided by 8?
5
Calculate the remainder when 2640019 is divided by 98.
95
Calculate the remainder when 29965 is divided by 29959.
6
Calculate the remainder when 65938 is divided by 51.
46
Calculate the remainder when 39864 is divided by 411.
408
Calculate the remainder when 8517 is divided by 55.
47
What is the remainder when 316237 is divided by 4?
1
Calculate the remainder when 1195 is divided by 317.
244
What is the remainder when 187889 is divided by 858?
845
What is the remainder when 6090 is divided by 5347?
743
What is the remainder when 10370 is divided by 111?
47
Calculate the remainder when 114749 is divided by 91.
89
What is the remainder when 88776 is divided by 107?
73
Calculate the remainder when 12656 is divided by 1915.
1166
What is the remainder when 8129 is divided by 83?
78
Calculate the remainder when 130254 is divided by 49.
12
What is the remainder when 3694 is divided by 3682?
12
What is the remainder when 2283 is divided by 2232?
51
Calculate the remainder when 13564743 is divided by 234.
231
What is the remainder when 6713 is divided by 9?
8
What is the remainder when 3828 is divided by 91?
6
What is the remainder when 16306 is divided by 3239?
111
Calculate the remainder when 9962 is divided by 43.
29
What is the remainder when 781 is divided by 99?
88
Calculate the remainder when 22656 is divided by 567.
543
What is the remainder when 7473 is divided by 731?
163
What is the remainder when 146900 is divided by 7?
5
What is the remainder when 25072 is divided by 5007?
37
What is the remainder when 298607 is divided by 33176?
23
Calculate the remainder when 7592989 is divided by 74.
71
Calculate the remainder when 46369 is divided by 153.
10
Calculate the remainder when 13622 is divided by 181.
47
Calculate the remainder when 119553 is divided by 81.
78
Calculate the remainder when 23793 is divided by 18.
15
Calculate the remainder when 267879 is divided by 890.
879
What is the remainder when 973 is divided by 165?
148
Calculate the remainder when 140534 is divided by 17561.
46
Calculate the remainder when 69870 is divided by 125.
120
What is the remainder when 23867 is divided by 215?
2
What is the remainder when 107184 is divided by 107167?
17
Calculate the remainder when 8091 is divided by 352.
347
What is the remainder when 8539 is divided by 8535?
4
Calculate the remainder when 6299 is divided by 140.
139
What is the remainder when 1212 is divided by 304?
300
Calculate the remainder when 3090 is divided by 205.
15
What is the remainder when 3217 is divided by 104?
97
Calculate the remainde